hest common divisor of 19 and 13110912?
19
Calculate the highest common factor of 11554 and 6104.
218
Calculate the greatest common divisor of 79010 and 70.
10
What is the greatest common divisor of 2850 and 650?
50
Calculate the highest common factor of 12063 and 30.
3
Calculate the greatest common factor of 266046 and 6.
6
What is the highest common factor of 456203 and 33?
11
What is the greatest common divisor of 13771 and 423?
47
What is the greatest common divisor of 70411 and 11?
11
Calculate the greatest common factor of 156 and 1357629.
39
Calculate the highest common factor of 1610 and 3122.
14
What is the highest common divisor of 259 and 59459?
37
What is the greatest common factor of 390 and 47034?
78
What is the greatest common divisor of 1494 and 228084?
498
What is the highest common factor of 11733 and 24?
3
What is the highest common divisor of 1368 and 361752?
24
What is the highest common divisor of 86979 and 237?
237
What is the highest common factor of 3712 and 18752?
64
Calculate the greatest common factor of 232265 and 3485.
205
Calculate the highest common factor of 2058 and 9947.
343
What is the greatest common divisor of 1111782 and 14?
14
What is the greatest common divisor of 1204 and 946?
86
Calculate the highest common divisor of 15 and 437700.
15
What is the highest common factor of 14 and 8533?
7
What is the greatest common factor of 75341 and 4277?
329
Calculate the highest common factor of 240578 and 114.
38
Calculate the greatest common factor of 975 and 101725.
325
Calculate the highest common divisor of 3393 and 385671.
1131
What is the greatest common divisor of 113 and 3277?
113
What is the highest common factor of 697482 and 18?
18
Calculate the highest common factor of 20 and 79500.
20
Calculate the greatest common factor of 6715 and 15247.
79
Calculate the greatest common divisor of 9 and 220059.
9
What is the greatest common divisor of 161492 and 7708?
188
Calculate the highest common factor of 10 and 2235290.
10
What is the greatest common divisor of 154 and 27874?
154
Calculate the greatest common divisor of 14 and 238058.
2
What is the highest common divisor of 94132 and 1616?
404
What is the greatest common factor of 1 and 63445?
1
Calculate the greatest common factor of 184 and 196926.
46
Calculate the greatest common divisor of 508667 and 271.
271
Calculate the greatest common divisor of 107977 and 95.
19
Calculate the greatest common factor of 51016 and 224.
56
Calculate the highest common factor of 18537 and 3589.
37
Calculate the greatest common factor of 43296 and 4264.
328
What is the highest common factor of 4068 and 84?
12
What is the highest common factor of 735 and 10815?
105
Calculate the highest common factor of 12734 and 8.
2
What is the greatest common factor of 6768 and 68832?
144
What is the greatest common divisor of 104 and 2246504?
104
Calculate the greatest common factor of 77374 and 1892.
22
What is the greatest common factor of 2176 and 374?
34
What is the highest common factor of 2608312 and 564?
188
What is the greatest common factor of 20046 and 65?
13
Calculate the highest common divisor of 1956 and 13203.
489
Calculate the greatest common factor of 81 and 243.
81
Calculate the greatest common factor of 1665 and 387.
9
Calculate the highest common factor of 10633 and 496.
31
Calculate the greatest common divisor of 4 and 9606.
2
What is the highest common divisor of 1497 and 1302889?
499
Calculate the greatest common factor of 3823640 and 510.
170
What is the highest common factor of 27 and 54621?
27
Calculate the highest common divisor of 3348 and 1426.
62
What is the greatest common factor of 10520 and 705?
5
Calculate the highest common divisor of 145029 and 87.
87
What is the greatest common divisor of 31 and 7080927?
31
What is the greatest common divisor of 267 and 984?
3
What is the greatest common divisor of 126315 and 420?
105
Calculate the greatest common divisor of 270 and 12906.
54
What is the highest common factor of 81 and 88857?
81
Calculate the highest common factor of 3687 and 12290.
1229
Calculate the highest common factor of 55237 and 3731.
91
What is the greatest common divisor of 2 and 251422?
2
Calculate the highest common divisor of 25636 and 238.
34
Calculate the greatest common divisor of 14 and 149891.
7
What is the highest common divisor of 102190 and 55?
55
What is the highest common factor of 42586 and 8774?
214
What is the greatest common divisor of 635 and 2816225?
635
Calculate the highest common factor of 135 and 11020.
5
Calculate the highest common factor of 2381670 and 450.
90
Calculate the highest common factor of 90311 and 26.
13
What is the greatest common divisor of 219 and 43143?
219
Calculate the greatest common divisor of 1764 and 612.
36
What is the greatest common factor of 71374 and 1405?
281
What is the highest common divisor of 808 and 63529?
101
What is the highest common factor of 1485 and 6939?
27
What is the highest common divisor of 44 and 1550923?
11
What is the highest common factor of 1137415 and 6540?
545
Calculate the highest common divisor of 464 and 353800.
232
What is the highest common factor of 210 and 1456?
14
Calculate the greatest common divisor of 432 and 1167216.
48
Calculate the highest common divisor of 16875 and 1625.
125
What is the greatest common factor of 1216 and 114190?
38
What is the highest common factor of 9622 and 102?
34
What is the highest common factor of 87428 and 352?
44
Calculate the greatest common divisor of 522 and 7031340.
522
Calculate the highest common factor of 22442 and 26.
2
Calculate the highest common factor of 9585 and 568.
71
Calculate the highest common divisor of 6 and 43944.
6
Calculate the greatest common factor of 131885 and 390.
65
What is the highest common factor of 21976 and 1943?
67
Calculate the highest common divisor of 3240 and 11760.
120
Calculate the greatest common factor of 6887 and 25489.
71
Calculate the highest common divisor of 90334 and 376.
94
Calculate the greatest common divisor of 1704 and 136604.
284
Calculate the greatest common factor of 2700 and 14796.
108
What is the highest common factor of 3168 and 22924?
44
What is the highest common divisor of 5 and 2741335?
5
What is the greatest common divisor of 107176 and 8?
8
Calculate the greatest common divisor of 1548 and 17458.
86
Calculate the greatest common factor of 247 and 1196449.
19
What is the highest common divisor of 205 and 90897?
41
What is the greatest common divisor of 960 and 27816?
24
What is the highest common factor of 189256 and 6232?
328
Calculate the highest common factor of 290 and 2526.
2
What is the greatest common factor of 1691 and 1068?
89
What is the greatest common divisor of 248963 and 143?
143
What is the highest common divisor of 3444 and 1008?
84
What is the greatest common divisor of 34447 and 95608?
703
Calculate the greatest common factor of 147 and 477729.
21
What is the highest common factor of 116 and 11426?
58
What is the highest common divisor of 615169 and 8561?
1223
Calculate the highest common factor of 32 and 71248.
16
Calculate the greatest common factor of 11786 and 6816.
142
Calculate the highest common divisor of 420 and 64860.
60
What is the highest common divisor of 17586 and 90?
18
What is the greatest common divisor of 912969 and 133?
19
What is the greatest common factor of 19630 and 910?
130
What is the greatest common divisor of 1183 and 845?
169
What is the highest common factor of 432338 and 1130?
226
Calculate the highest common factor of 504 and 55584.
72
Calculate the greatest common factor of 5394 and 2325.
93
Calculate the greatest common factor of 128093 and 3155.
631
Calculate the greatest common factor of 5918 and 35992.
22
Calculate the greatest common factor of 264760 and 10.
10
Calculate the highest common divisor of 2064 and 55599.
129
Calculate the greatest common divisor of 891 and 7857.
81
Calculate the greatest common divisor of 119 and 123641.
119
Calculate the greatest common divisor of 18297 and 513.
171
Calculate the greatest common factor of 140 and 245455.
35
Calculate the highest common divisor of 6445020 and 30.
30
Calculate the greatest common divisor of 14 and 1900934.
14
Calculate the greatest common divis